{"id":52,"date":"2019-01-29T15:48:52","date_gmt":"2019-01-29T14:48:52","guid":{"rendered":"https:\/\/rennverkaufsfahrzeuge.de\/schmankerl\/?page_id=52"},"modified":"2024-12-12T16:37:44","modified_gmt":"2024-12-12T15:37:44","slug":"impressum","status":"publish","type":"page","link":"https:\/\/rennverkaufsfahrzeuge.de\/schmankerl\/impressum\/","title":{"rendered":"Impressum"},"content":{"rendered":"<div class=\"fusion-fullwidth fullwidth-box fusion-builder-row-1 nonhundred-percent-fullwidth non-hundred-percent-height-scrolling\" style=\"--awb-border-radius-top-left:0px;--awb-border-radius-top-right:0px;--awb-border-radius-bottom-right:0px;--awb-border-radius-bottom-left:0px;--awb-padding-top:30px;--awb-padding-right:30px;--awb-padding-bottom:30px;--awb-padding-left:30px;--awb-background-color:#ffffff;--awb-flex-wrap:wrap;\" ><div class=\"fusion-builder-row fusion-row\"><div class=\"fusion-layout-column fusion_builder_column fusion-builder-column-0 fusion_builder_column_1_1 1_1 fusion-one-full fusion-column-first fusion-column-last\" style=\"--awb-bg-size:cover;\"><div class=\"fusion-column-wrapper fusion-flex-column-wrapper-legacy\"><div class=\"fusion-title title fusion-title-1 fusion-sep-none fusion-title-text fusion-title-size-one\" style=\"--awb-margin-top-small:10px;--awb-margin-right-small:0px;--awb-margin-bottom-small:10px;--awb-margin-left-small:0px;\"><h1 class=\"fusion-title-heading title-heading-left\" style=\"margin:0;\">Impressum<\/h1><\/div><div class=\"fusion-text fusion-text-1\"><section id=\"content\">\n<div id=\"post-20\" class=\"post-20 page type-page status-publish hentry\">\n<div class=\"post-content\">\n<div class=\"fusion-fullwidth fullwidth-box nonhundred-percent-fullwidth non-hundred-percent-height-scrolling\">\n<div class=\"fusion-builder-row fusion-row \">\n<div class=\"fusion-layout-column fusion_builder_column fusion_builder_column_1_1 fusion-one-full fusion-column-first fusion-column-last 1_1\">\n<div class=\"fusion-column-wrapper\" data-bg-url=\"\">\n<div class=\"fusion-text\">\n<div class=\"fusion-text\">\n<div class=\"fusion-layout-column fusion_builder_column fusion_builder_column_1_1 fusion-one-full fusion-column-first fusion-column-last 1_1\">\n<h3 class=\"fusion-column-wrapper\">Angaben nach \u00a7 5 TMG:<\/h3>\n<\/div>\n<div class=\"fusion-layout-column fusion_builder_column fusion_builder_column_1_2 fusion-one-half fusion-column-first 1_2\">\n<div class=\"fusion-column-wrapper\" data-bg-url=\"\">\n<div class=\"fusion-text\">\n<p>Renn Original Niederbayerische Schmankerl<br \/>\nAlfons Biberger (Inh.)<br \/>\nGambachreuth 25<br \/>\n84098 Hohenthann<br \/>\nTel.: 0171-7703244<br \/>\n<a href=\"mailto:info@niederbayerische-schmankerl.de\">info@niederbayerische-schmankerl.de<\/a><\/p>\n<h3>Verantwortlich f\u00fcr den Inhalt:<\/h3>\n<p>Alfons Biberger<\/p>\n<h3>Haftungsbeschr\u00e4nkung:<\/h3>\n<p>Die Inhalte unserer Website erstellen wir mit gr\u00f6\u00dftm\u00f6glicher Sorgfalt. Wir \u00fcbernehmen jedoch keine Gew\u00e4hr f\u00fcr die Richtigkeit, Vollst\u00e4ndigkeit und Aktualit\u00e4t der bereitgestellten Inhalte. Die Nutzung der Inhalte der Website erfolgt auf eigene Gefahr des Nutzers. Namentlich gekennzeichnete Beitr\u00e4ge geben die Meinung des jeweiligen Autors und nicht immer die Meinung des Anbieters wieder. Mit der reinen Nutzung der Website kommt keinerlei Vertragsverh\u00e4ltnis zwischen dem Nutzer und dem Anbieter zustande.<\/p>\n<h3>Externe Links:<\/h3>\n<p>Unsere Website enth\u00e4lt Verkn\u00fcpfungen zu Websites Dritter (\u201eexterne Links\u201c). Diese unterliegen der Haftung der jeweiligen Betreiber. Wir haben bei der erstmaligen Verkn\u00fcpfung der externen Links die fremden Inhalte daraufhin \u00fcberpr\u00fcft, ob etwaige Rechtsverst\u00f6\u00dfe bestehen. Zu dem Zeitpunkt waren keine Rechtsverst\u00f6\u00dfe ersichtlich. Wir haben keinerlei Einfluss auf die aktuelle und zuk\u00fcnftige Gestaltung und auf die Inhalte der verkn\u00fcpften Seiten. Das Setzen von externen Links bedeutet nicht, dass wir uns die hinter dem Verweis oder Link liegenden Inhalte zu Eigen machen. Eine st\u00e4ndige Kontrolle der externen Links ist f\u00fcr uns ohne konkrete Hinweise auf Rechtsverst\u00f6\u00dfe nicht zumutbar. Bei Kenntnis von Rechtsverst\u00f6\u00dfen werden wir jedoch derartige externe Links unverz\u00fcglich l\u00f6schen.<\/p>\n<h3>Urheber- und Leistungsschutzrechte:<\/h3>\n<p>Die auf unserer Website ver\u00f6ffentlichten Inhalte unterliegen dem deutschen Urheber- und Leistungsschutzrecht. Jede vom deutschen Urheber- und Leistungsschutzrecht nicht zugelassene Verwertung bedarf der vorherigen schriftlichen Zustimmung des Anbieters oder jeweiligen Rechteinhabers. Dies gilt insbesondere f\u00fcr Vervielf\u00e4ltigung, Bearbeitung, \u00dcbersetzung, Einspeicherung, Verarbeitung bzw. Wiedergabe von Inhalten in Datenbanken oder anderen elektronischen Medien und Systemen. Inhalte und Rechte Dritter sind dabei als solche gekennzeichnet. Die unerlaubte Vervielf\u00e4ltigung oder Weitergabe einzelner Inhalte oder kompletter Seiten ist nicht gestattet und strafbar. Lediglich die Herstellung von Kopien und Downloads f\u00fcr den pers\u00f6nlichen, privaten und nicht kommerziellen Gebrauch ist erlaubt.<\/p>\n<h3>Website-Gestaltung:<\/h3>\n<p><strong>Konzept\/Design\/Texte:<\/strong><br \/>\n<a href=\"https:\/\/die-markenbildnerei.com\" target=\"_blank\" rel=\"noopener\">Ursula Paulick \u2013 Die Markenbildnerei<\/a><\/p>\n<p><strong>Technische Realisierung:<\/strong><br \/>\nRobert Landinger<\/p>\n<p><strong>Fotos:<br \/>\n<\/strong>Pixabay, privat<strong><br \/>\n<\/strong><\/p>\n<\/div>\n<\/div>\n<\/div>\n<\/div>\n<\/div>\n<\/div>\n<\/div>\n<\/div>\n<\/div>\n<\/div>\n<\/div>\n<\/section>\n<\/div><div class=\"fusion-clearfix\"><\/div><\/div><\/div><\/div><\/div>\n","protected":false},"excerpt":{"rendered":"","protected":false},"author":1,"featured_media":0,"parent":0,"menu_order":0,"comment_status":"closed","ping_status":"closed","template":"","meta":{"footnotes":""},"class_list":["post-52","page","type-page","status-publish","hentry"],"yoast_head":"<!-- This site is optimized with the Yoast SEO plugin v27.4 - https:\/\/yoast.com\/product\/yoast-seo-wordpress\/ -->\n<title>Impressum - Niederbayerische Schmankerl<\/title>\n<meta name=\"robots\" content=\"index, follow, max-snippet:-1, max-image-preview:large, max-video-preview:-1\" \/>\n<link rel=\"canonical\" href=\"https:\/\/rennverkaufsfahrzeuge.de\/schmankerl\/impressum\/\" \/>\n<meta property=\"og:locale\" content=\"de_DE\" \/>\n<meta property=\"og:type\" content=\"article\" \/>\n<meta property=\"og:title\" content=\"Impressum - Niederbayerische Schmankerl\" \/>\n<meta property=\"og:url\" content=\"https:\/\/rennverkaufsfahrzeuge.de\/schmankerl\/impressum\/\" \/>\n<meta property=\"og:site_name\" content=\"Niederbayerische Schmankerl\" \/>\n<meta property=\"article:modified_time\" content=\"2024-12-12T15:37:44+00:00\" \/>\n<meta name=\"twitter:card\" content=\"summary_large_image\" \/>\n<meta name=\"twitter:label1\" content=\"Gesch\u00e4tzte Lesezeit\" \/>\n\t<meta name=\"twitter:data1\" content=\"2\u00a0Minuten\" \/>\n<script type=\"application\/ld+json\" class=\"yoast-schema-graph\">{\"@context\":\"https:\\\/\\\/schema.org\",\"@graph\":[{\"@type\":\"WebPage\",\"@id\":\"https:\\\/\\\/rennverkaufsfahrzeuge.de\\\/schmankerl\\\/impressum\\\/\",\"url\":\"https:\\\/\\\/rennverkaufsfahrzeuge.de\\\/schmankerl\\\/impressum\\\/\",\"name\":\"Impressum - Niederbayerische Schmankerl\",\"isPartOf\":{\"@id\":\"https:\\\/\\\/rennverkaufsfahrzeuge.de\\\/schmankerl\\\/#website\"},\"datePublished\":\"2019-01-29T14:48:52+00:00\",\"dateModified\":\"2024-12-12T15:37:44+00:00\",\"breadcrumb\":{\"@id\":\"https:\\\/\\\/rennverkaufsfahrzeuge.de\\\/schmankerl\\\/impressum\\\/#breadcrumb\"},\"inLanguage\":\"de\",\"potentialAction\":[{\"@type\":\"ReadAction\",\"target\":[\"https:\\\/\\\/rennverkaufsfahrzeuge.de\\\/schmankerl\\\/impressum\\\/\"]}]},{\"@type\":\"BreadcrumbList\",\"@id\":\"https:\\\/\\\/rennverkaufsfahrzeuge.de\\\/schmankerl\\\/impressum\\\/#breadcrumb\",\"itemListElement\":[{\"@type\":\"ListItem\",\"position\":1,\"name\":\"Startseite\",\"item\":\"https:\\\/\\\/rennverkaufsfahrzeuge.de\\\/schmankerl\\\/\"},{\"@type\":\"ListItem\",\"position\":2,\"name\":\"Impressum\"}]},{\"@type\":\"WebSite\",\"@id\":\"https:\\\/\\\/rennverkaufsfahrzeuge.de\\\/schmankerl\\\/#website\",\"url\":\"https:\\\/\\\/rennverkaufsfahrzeuge.de\\\/schmankerl\\\/\",\"name\":\"Niederbayerische Schmankerl\",\"description\":\"Alles f\u00fcr eine richtige bayerische Brotzeit\",\"potentialAction\":[{\"@type\":\"SearchAction\",\"target\":{\"@type\":\"EntryPoint\",\"urlTemplate\":\"https:\\\/\\\/rennverkaufsfahrzeuge.de\\\/schmankerl\\\/?s={search_term_string}\"},\"query-input\":{\"@type\":\"PropertyValueSpecification\",\"valueRequired\":true,\"valueName\":\"search_term_string\"}}],\"inLanguage\":\"de\"}]}<\/script>\n<!-- \/ Yoast SEO plugin. -->","yoast_head_json":{"title":"Impressum - Niederbayerische Schmankerl","robots":{"index":"index","follow":"follow","max-snippet":"max-snippet:-1","max-image-preview":"max-image-preview:large","max-video-preview":"max-video-preview:-1"},"canonical":"https:\/\/rennverkaufsfahrzeuge.de\/schmankerl\/impressum\/","og_locale":"de_DE","og_type":"article","og_title":"Impressum - Niederbayerische Schmankerl","og_url":"https:\/\/rennverkaufsfahrzeuge.de\/schmankerl\/impressum\/","og_site_name":"Niederbayerische Schmankerl","article_modified_time":"2024-12-12T15:37:44+00:00","twitter_card":"summary_large_image","twitter_misc":{"Gesch\u00e4tzte Lesezeit":"2\u00a0Minuten"},"schema":{"@context":"https:\/\/schema.org","@graph":[{"@type":"WebPage","@id":"https:\/\/rennverkaufsfahrzeuge.de\/schmankerl\/impressum\/","url":"https:\/\/rennverkaufsfahrzeuge.de\/schmankerl\/impressum\/","name":"Impressum - Niederbayerische Schmankerl","isPartOf":{"@id":"https:\/\/rennverkaufsfahrzeuge.de\/schmankerl\/#website"},"datePublished":"2019-01-29T14:48:52+00:00","dateModified":"2024-12-12T15:37:44+00:00","breadcrumb":{"@id":"https:\/\/rennverkaufsfahrzeuge.de\/schmankerl\/impressum\/#breadcrumb"},"inLanguage":"de","potentialAction":[{"@type":"ReadAction","target":["https:\/\/rennverkaufsfahrzeuge.de\/schmankerl\/impressum\/"]}]},{"@type":"BreadcrumbList","@id":"https:\/\/rennverkaufsfahrzeuge.de\/schmankerl\/impressum\/#breadcrumb","itemListElement":[{"@type":"ListItem","position":1,"name":"Startseite","item":"https:\/\/rennverkaufsfahrzeuge.de\/schmankerl\/"},{"@type":"ListItem","position":2,"name":"Impressum"}]},{"@type":"WebSite","@id":"https:\/\/rennverkaufsfahrzeuge.de\/schmankerl\/#website","url":"https:\/\/rennverkaufsfahrzeuge.de\/schmankerl\/","name":"Niederbayerische Schmankerl","description":"Alles f\u00fcr eine richtige bayerische Brotzeit","potentialAction":[{"@type":"SearchAction","target":{"@type":"EntryPoint","urlTemplate":"https:\/\/rennverkaufsfahrzeuge.de\/schmankerl\/?s={search_term_string}"},"query-input":{"@type":"PropertyValueSpecification","valueRequired":true,"valueName":"search_term_string"}}],"inLanguage":"de"}]}},"_links":{"self":[{"href":"https:\/\/rennverkaufsfahrzeuge.de\/schmankerl\/wp-json\/wp\/v2\/pages\/52","targetHints":{"allow":["GET"]}}],"collection":[{"href":"https:\/\/rennverkaufsfahrzeuge.de\/schmankerl\/wp-json\/wp\/v2\/pages"}],"about":[{"href":"https:\/\/rennverkaufsfahrzeuge.de\/schmankerl\/wp-json\/wp\/v2\/types\/page"}],"author":[{"embeddable":true,"href":"https:\/\/rennverkaufsfahrzeuge.de\/schmankerl\/wp-json\/wp\/v2\/users\/1"}],"replies":[{"embeddable":true,"href":"https:\/\/rennverkaufsfahrzeuge.de\/schmankerl\/wp-json\/wp\/v2\/comments?post=52"}],"version-history":[{"count":6,"href":"https:\/\/rennverkaufsfahrzeuge.de\/schmankerl\/wp-json\/wp\/v2\/pages\/52\/revisions"}],"predecessor-version":[{"id":269,"href":"https:\/\/rennverkaufsfahrzeuge.de\/schmankerl\/wp-json\/wp\/v2\/pages\/52\/revisions\/269"}],"wp:attachment":[{"href":"https:\/\/rennverkaufsfahrzeuge.de\/schmankerl\/wp-json\/wp\/v2\/media?parent=52"}],"curies":[{"name":"wp","href":"https:\/\/api.w.org\/{rel}","templated":true}]}}

<div class="fusion-fullwidth fullwidth-box fusion-builder-row-1 nonhundred-percent-fullwidth non-hundred-percent-height-scrolling" style="--awb-border-radius-top-left:0px;--awb-border-radius-top-right:0px;--awb-border-radius-bottom-right:0px;--awb-border-radius-bottom-left:0px;--awb-padding-top:30px;--awb-padding-right:30px;--awb-padding-bottom:30px;--awb-padding-left:30px;--awb-background-color:#ffffff;--awb-flex-wrap:wrap;" ><div class="fusion-builder-row fusion-row"><div class="fusion-layout-column fusion_builder_column fusion-builder-column-0 fusion_builder_column_1_1 1_1 fusion-one-full fusion-column-first fusion-column-last" style="--awb-bg-size:cover;"><div class="fusion-column-wrapper fusion-flex-column-wrapper-legacy"><div class="fusion-title title fusion-title-1 fusion-sep-none fusion-title-text fusion-title-size-one" style="--awb-margin-top-small:10px;--awb-margin-right-small:0px;--awb-margin-bottom-small:10px;--awb-margin-left-small:0px;"><h1 class="fusion-title-heading title-heading-left" style="margin:0;">Impressum</h1></div><div class="fusion-text fusion-text-1"><section id="content">
<div id="post-20" class="post-20 page type-page status-publish hentry">
<div class="post-content">
<div class="fusion-fullwidth fullwidth-box nonhundred-percent-fullwidth non-hundred-percent-height-scrolling">
<div class="fusion-builder-row fusion-row ">
<div class="fusion-layout-column fusion_builder_column fusion_builder_column_1_1 fusion-one-full fusion-column-first fusion-column-last 1_1">
<div class="fusion-column-wrapper" data-bg-url="">
<div class="fusion-text">
<div class="fusion-text">
<div class="fusion-layout-column fusion_builder_column fusion_builder_column_1_1 fusion-one-full fusion-column-first fusion-column-last 1_1">
<h3 class="fusion-column-wrapper">Angaben nach § 5 TMG:</h3>
</div>
<div class="fusion-layout-column fusion_builder_column fusion_builder_column_1_2 fusion-one-half fusion-column-first 1_2">
<div class="fusion-column-wrapper" data-bg-url="">
<div class="fusion-text">
<p>Renn Original Niederbayerische Schmankerl<br />
Alfons Biberger (Inh.)<br />
Gambachreuth 25<br />
84098 Hohenthann<br />
Tel.: 0171-7703244<br />
<a href="mailto:info@niederbayerische-schmankerl.de">info@niederbayerische-schmankerl.de</a></p>
<h3>Verantwortlich für den Inhalt:</h3>
<p>Alfons Biberger</p>
<h3>Haftungsbeschränkung:</h3>
<p>Die Inhalte unserer Website erstellen wir mit größtmöglicher Sorgfalt. Wir übernehmen jedoch keine Gewähr für die Richtigkeit, Vollständigkeit und Aktualität der bereitgestellten Inhalte. Die Nutzung der Inhalte der Website erfolgt auf eigene Gefahr des Nutzers. Namentlich gekennzeichnete Beiträge geben die Meinung des jeweiligen Autors und nicht immer die Meinung des Anbieters wieder. Mit der reinen Nutzung der Website kommt keinerlei Vertragsverhältnis zwischen dem Nutzer und dem Anbieter zustande.</p>
<h3>Externe Links:</h3>
<p>Unsere Website enthält Verknüpfungen zu Websites Dritter („externe Links“). Diese unterliegen der Haftung der jeweiligen Betreiber. Wir haben bei der erstmaligen Verknüpfung der externen Links die fremden Inhalte daraufhin überprüft, ob etwaige Rechtsverstöße bestehen. Zu dem Zeitpunkt waren keine Rechtsverstöße ersichtlich. Wir haben keinerlei Einfluss auf die aktuelle und zukünftige Gestaltung und auf die Inhalte der verknüpften Seiten. Das Setzen von externen Links bedeutet nicht, dass wir uns die hinter dem Verweis oder Link liegenden Inhalte zu Eigen machen. Eine ständige Kontrolle der externen Links ist für uns ohne konkrete Hinweise auf Rechtsverstöße nicht zumutbar. Bei Kenntnis von Rechtsverstößen werden wir jedoch derartige externe Links unverzüglich löschen.</p>
<h3>Urheber- und Leistungsschutzrechte:</h3>
<p>Die auf unserer Website veröffentlichten Inhalte unterliegen dem deutschen Urheber- und Leistungsschutzrecht. Jede vom deutschen Urheber- und Leistungsschutzrecht nicht zugelassene Verwertung bedarf der vorherigen schriftlichen Zustimmung des Anbieters oder jeweiligen Rechteinhabers. Dies gilt insbesondere für Vervielfältigung, Bearbeitung, Übersetzung, Einspeicherung, Verarbeitung bzw. Wiedergabe von Inhalten in Datenbanken oder anderen elektronischen Medien und Systemen. Inhalte und Rechte Dritter sind dabei als solche gekennzeichnet. Die unerlaubte Vervielfältigung oder Weitergabe einzelner Inhalte oder kompletter Seiten ist nicht gestattet und strafbar. Lediglich die Herstellung von Kopien und Downloads für den persönlichen, privaten und nicht kommerziellen Gebrauch ist erlaubt.</p>
<h3>Website-Gestaltung:</h3>
<p><strong>Konzept/Design/Texte:</strong><br />
<a href="https://die-markenbildnerei.com" target="_blank" rel="noopener">Ursula Paulick – Die Markenbildnerei</a></p>
<p><strong>Technische Realisierung:</strong><br />
Robert Landinger</p>
<p><strong>Fotos:<br />
</strong>Pixabay, privat<strong><br />
</strong></p>
</div>
</div>
</div>
</div>
</div>
</div>
</div>
</div>
</div>
</div>
</div>
</section>
</div><div class="fusion-clearfix"></div></div></div></div></div>

<!-- This site is optimized with the Yoast SEO plugin v27.4 - https://yoast.com/product/yoast-seo-wordpress/ -->
<title>Impressum - Niederbayerische Schmankerl</title>
<meta name="robots" content="index, follow, max-snippet:-1, max-image-preview:large, max-video-preview:-1" />
<link rel="canonical" href="https://rennverkaufsfahrzeuge.de/schmankerl/impressum/" />
<meta property="og:locale" content="de_DE" />
<meta property="og:type" content="article" />
<meta property="og:title" content="Impressum - Niederbayerische Schmankerl" />
<meta property="og:url" content="https://rennverkaufsfahrzeuge.de/schmankerl/impressum/" />
<meta property="og:site_name" content="Niederbayerische Schmankerl" />
<meta property="article:modified_time" content="2024-12-12T15:37:44+00:00" />
<meta name="twitter:card" content="summary_large_image" />
<meta name="twitter:label1" content="Geschätzte Lesezeit" />
	<meta name="twitter:data1" content="2 Minuten" />
<script type="application/ld+json" class="yoast-schema-graph">{"@context":"https:\/\/schema.org","@graph":[{"@type":"WebPage","@id":"https:\/\/rennverkaufsfahrzeuge.de\/schmankerl\/impressum\/","url":"https:\/\/rennverkaufsfahrzeuge.de\/schmankerl\/impressum\/","name":"Impressum - Niederbayerische Schmankerl","isPartOf":{"@id":"https:\/\/rennverkaufsfahrzeuge.de\/schmankerl\/#website"},"datePublished":"2019-01-29T14:48:52+00:00","dateModified":"2024-12-12T15:37:44+00:00","breadcrumb":{"@id":"https:\/\/rennverkaufsfahrzeuge.de\/schmankerl\/impressum\/#breadcrumb"},"inLanguage":"de","potentialAction":[{"@type":"ReadAction","target":["https:\/\/rennverkaufsfahrzeuge.de\/schmankerl\/impressum\/"]}]},{"@type":"BreadcrumbList","@id":"https:\/\/rennverkaufsfahrzeuge.de\/schmankerl\/impressum\/#breadcrumb","itemListElement":[{"@type":"ListItem","position":1,"name":"Startseite","item":"https:\/\/rennverkaufsfahrzeuge.de\/schmankerl\/"},{"@type":"ListItem","position":2,"name":"Impressum"}]},{"@type":"WebSite","@id":"https:\/\/rennverkaufsfahrzeuge.de\/schmankerl\/#website","url":"https:\/\/rennverkaufsfahrzeuge.de\/schmankerl\/","name":"Niederbayerische Schmankerl","description":"Alles für eine richtige bayerische Brotzeit","potentialAction":[{"@type":"SearchAction","target":{"@type":"EntryPoint","urlTemplate":"https:\/\/rennverkaufsfahrzeuge.de\/schmankerl\/?s={search_term_string}"},"query-input":{"@type":"PropertyValueSpecification","valueRequired":true,"valueName":"search_term_string"}}],"inLanguage":"de"}]}</script>
<!-- / Yoast SEO plugin. -->

Alles für eine richtige bayerische Brotzeit
