{"id":54,"date":"2019-01-29T15:49:17","date_gmt":"2019-01-29T14:49:17","guid":{"rendered":"https:\/\/rennverkaufsfahrzeuge.de\/schmankerl\/?page_id=54"},"modified":"2019-02-01T11:11:40","modified_gmt":"2019-02-01T10:11:40","slug":"agb","status":"publish","type":"page","link":"https:\/\/rennverkaufsfahrzeuge.de\/schmankerl\/agb\/","title":{"rendered":"AGB"},"content":{"rendered":"<div class=\"fusion-fullwidth fullwidth-box fusion-builder-row-1 nonhundred-percent-fullwidth non-hundred-percent-height-scrolling\" style=\"--awb-border-radius-top-left:0px;--awb-border-radius-top-right:0px;--awb-border-radius-bottom-right:0px;--awb-border-radius-bottom-left:0px;--awb-padding-top:30px;--awb-padding-right:30px;--awb-padding-bottom:30px;--awb-padding-left:30px;--awb-background-color:#ffffff;--awb-flex-wrap:wrap;\" ><div class=\"fusion-builder-row fusion-row\"><div class=\"fusion-layout-column fusion_builder_column fusion-builder-column-0 fusion_builder_column_1_1 1_1 fusion-one-full fusion-column-first fusion-column-last\" style=\"--awb-bg-size:cover;\"><div class=\"fusion-column-wrapper fusion-flex-column-wrapper-legacy\"><div class=\"fusion-title title fusion-title-1 fusion-sep-none fusion-title-text fusion-title-size-one\" style=\"--awb-margin-top-small:10px;--awb-margin-right-small:0px;--awb-margin-bottom-small:10px;--awb-margin-left-small:0px;\"><h1 class=\"fusion-title-heading title-heading-left\" style=\"margin:0;\"><h1>Allgemeine Gesch\u00e4ftsbedingungen<\/h1><\/h1><\/div><div class=\"fusion-text fusion-text-1\"><h3><strong>Allgemeines\u2028\u2028<\/strong><\/h3>\n<p>(1) Diese Gesch\u00e4ftsbedingungen gelten f\u00fcr alle Vertr\u00e4ge, Lieferungen und sonstigen Leistungen von Renns niederbayerische Schmankerl der J. Biberger GbR (nachstehend genannt: Verk\u00e4ufer) gegen\u00fcber seinen Kunden.<\/p>\n<p>(2) Die Gesch\u00e4ftsbeziehungen unterliegen dem Recht der Bundesrepublik Deutschland unter Ausschluss des UN-Kaufrechts. Die Vertragssprache ist deutsch.<\/p>\n<p>(3) Gerichtsstand ist Landshut.<\/p>\n<h3><strong>Vertragsinhalt und Vertragsschluss<\/strong><\/h3>\n<p>Der Verk\u00e4ufer bietet den Kunden im\u00a0Online-Shop\u00a0Produkte zum Kauf an.\u2028 Die Darstellung der Produkte im Online-Shop stellt kein rechtlich bindendes Angebot, sondern einen unverbindlichen Online-Katalog dar. Durch Anklicken des Buttons \u201eJetzt bestellen\u201c gibt der Kunde eine verbindliche Bestellung der im Warenkorb enthaltenen Waren ab. Der Vertrag kommt durch die Annahme der Bestellung durch den Verk\u00e4ufer zustande. Die Annahme der Bestellung wird dem Kunden per E-Mail best\u00e4tigt. Der Vertragstext wird vom Verk\u00e4ufer gespeichert und dem Kunden per E-Mail zugesandt.<\/p>\n<h3><strong> Preise, Umsatzsteuer und Zahlung<\/strong><\/h3>\n<p>(1) S\u00e4mtliche Preise verstehen sich inklusive der gesetzlichen Umsatzsteuer, jedoch zuz\u00fcglich der Versand- und Verpackungskosten als Pauschale, die dem Kunden vor Abgabe der Bestellung bekannt gegeben werden. Die Lieferung erfolgt auf Kosten des Kunden an die vom Kunden angegebene Lieferadresse. Bis zu einem Gesamtbestellwert von 120,- \u20ac berechnen wir eine Versandkostenpauschale von 6,90 \u20ac. Darin sind grunds\u00e4tzlich die Schutzverpackung und das Porto f\u00fcr den Standardversand enthalten. Ab einem Gesamtbestellwert von 120,- \u20ac versenden wir versandkostenfrei.<\/p>\n<p>(2) Die Belieferung der Kunden erfolgt grunds\u00e4tzlich nur gegen Vorkasse durch PayPal oder Direkt\u00fcberweisung. Der Verk\u00e4ufer stellt dem Kunden eine Rechnung aus, die diesem nach Bestellung per E-Mail zugeht.<\/p>\n<h3>\u2028<strong> Lieferung und Gefahr\u00fcbergang<\/strong><\/h3>\n<p>(1) S\u00e4mtliche Artikel werden nur innerhalb der Bundesrepublik Deutschland versendet. Die bestellten Waren werden, sofern vertraglich nicht abweichend vereinbart, an die vom Kunden angegebene Adresse geliefert.<\/p>\n<p>(2) Der Kunde hat sicherzustellen, dass die Ware auch angenommen werden kann. Der Verk\u00e4ufer haftet nicht f\u00fcr Sendungen, die nicht zugestellt werden konnten (z. B. bei falscher Adresse oder unbekanntem Empf\u00e4nger).<\/p>\n<h3><strong> Widerruf und R\u00fcckgabe<\/strong><\/h3>\n<p>(1) Dem Kunden steht nach \u00a7 355 (Fernabsatzgesetz) kein Widerrufs- und R\u00fcckgaberecht zu, da die Ware nicht f\u00fcr eine R\u00fccksendung geeignet ist, weil sie verderblich ist oder das Verfallsdatum m\u00f6glicherweise \u00fcberschritten w\u00fcrde.<\/p>\n<p>(2) Nachweislich schadhafte Ware kann jedoch reklamiert und zur\u00fcckgeschickt werden. Der Verk\u00e4ufer hat in diesem Fall den Kaufpreis inkl. Verpackungs- und Versandkosten zu erstatten.<\/p>\n<h3><strong> Datenschutz<\/strong><\/h3>\n<p>Gem\u00e4\u00df \u00a7 28 BDSG (Bundesdatenschutzgesetz) machen wir Sie darauf aufmerksam, dass die im Rahmen der Gesch\u00e4ftsabwicklung notwendigen Daten mittels einer EDV-Anlage gem\u00e4\u00df \u00a7 33 BDSG verarbeitet und gespeichert werden. S\u00e4mtliche vom Kunden erhobenen pers\u00f6nlichen Daten werden vertraulich und entsprechende der gesetzlichen Regelungen behandelt. Der Kunde hat jederzeit ein Recht auf kostenlose Auskunft, Berichtigung, Sperrung und L\u00f6schung seiner gespeicherten Daten gem. \u00a7\u00a7 34, 35 BDSG. Senden Sie dazu eine E-Mail mit dem Betreff \u201eDatenschutz\u201c.<\/p>\n<h3><strong> Salvatorische Klausel<\/strong><\/h3>\n<p>Sind oder werden einzelne Bestimmungen dieser Allgemeinen Gesch\u00e4ftsbedingungen und\/oder des durch sie erg\u00e4nzten Vertrages unwirksam, so wird dadurch die Wirksamkeit der anderen Bestimmungen nicht ber\u00fchrt.<\/p>\n<\/div><div class=\"fusion-clearfix\"><\/div><\/div><\/div><\/div><\/div>\n","protected":false},"excerpt":{"rendered":"","protected":false},"author":1,"featured_media":0,"parent":0,"menu_order":0,"comment_status":"closed","ping_status":"closed","template":"","meta":{"footnotes":""},"class_list":["post-54","page","type-page","status-publish","hentry"],"yoast_head":"<!-- This site is optimized with the Yoast SEO plugin v27.4 - https:\/\/yoast.com\/product\/yoast-seo-wordpress\/ -->\n<title>AGB - Niederbayerische Schmankerl<\/title>\n<meta name=\"robots\" content=\"index, follow, max-snippet:-1, max-image-preview:large, max-video-preview:-1\" \/>\n<link rel=\"canonical\" href=\"https:\/\/rennverkaufsfahrzeuge.de\/schmankerl\/agb\/\" \/>\n<meta property=\"og:locale\" content=\"de_DE\" \/>\n<meta property=\"og:type\" content=\"article\" \/>\n<meta property=\"og:title\" content=\"AGB - Niederbayerische Schmankerl\" \/>\n<meta property=\"og:url\" content=\"https:\/\/rennverkaufsfahrzeuge.de\/schmankerl\/agb\/\" \/>\n<meta property=\"og:site_name\" content=\"Niederbayerische Schmankerl\" \/>\n<meta property=\"article:modified_time\" content=\"2019-02-01T10:11:40+00:00\" \/>\n<meta name=\"twitter:card\" content=\"summary_large_image\" \/>\n<meta name=\"twitter:label1\" content=\"Gesch\u00e4tzte Lesezeit\" \/>\n\t<meta name=\"twitter:data1\" content=\"4\u00a0Minuten\" \/>\n<script type=\"application\/ld+json\" class=\"yoast-schema-graph\">{\"@context\":\"https:\\\/\\\/schema.org\",\"@graph\":[{\"@type\":\"WebPage\",\"@id\":\"https:\\\/\\\/rennverkaufsfahrzeuge.de\\\/schmankerl\\\/agb\\\/\",\"url\":\"https:\\\/\\\/rennverkaufsfahrzeuge.de\\\/schmankerl\\\/agb\\\/\",\"name\":\"AGB - Niederbayerische Schmankerl\",\"isPartOf\":{\"@id\":\"https:\\\/\\\/rennverkaufsfahrzeuge.de\\\/schmankerl\\\/#website\"},\"datePublished\":\"2019-01-29T14:49:17+00:00\",\"dateModified\":\"2019-02-01T10:11:40+00:00\",\"breadcrumb\":{\"@id\":\"https:\\\/\\\/rennverkaufsfahrzeuge.de\\\/schmankerl\\\/agb\\\/#breadcrumb\"},\"inLanguage\":\"de\",\"potentialAction\":[{\"@type\":\"ReadAction\",\"target\":[\"https:\\\/\\\/rennverkaufsfahrzeuge.de\\\/schmankerl\\\/agb\\\/\"]}]},{\"@type\":\"BreadcrumbList\",\"@id\":\"https:\\\/\\\/rennverkaufsfahrzeuge.de\\\/schmankerl\\\/agb\\\/#breadcrumb\",\"itemListElement\":[{\"@type\":\"ListItem\",\"position\":1,\"name\":\"Startseite\",\"item\":\"https:\\\/\\\/rennverkaufsfahrzeuge.de\\\/schmankerl\\\/\"},{\"@type\":\"ListItem\",\"position\":2,\"name\":\"AGB\"}]},{\"@type\":\"WebSite\",\"@id\":\"https:\\\/\\\/rennverkaufsfahrzeuge.de\\\/schmankerl\\\/#website\",\"url\":\"https:\\\/\\\/rennverkaufsfahrzeuge.de\\\/schmankerl\\\/\",\"name\":\"Niederbayerische Schmankerl\",\"description\":\"Alles f\u00fcr eine richtige bayerische Brotzeit\",\"potentialAction\":[{\"@type\":\"SearchAction\",\"target\":{\"@type\":\"EntryPoint\",\"urlTemplate\":\"https:\\\/\\\/rennverkaufsfahrzeuge.de\\\/schmankerl\\\/?s={search_term_string}\"},\"query-input\":{\"@type\":\"PropertyValueSpecification\",\"valueRequired\":true,\"valueName\":\"search_term_string\"}}],\"inLanguage\":\"de\"}]}<\/script>\n<!-- \/ Yoast SEO plugin. -->","yoast_head_json":{"title":"AGB - Niederbayerische Schmankerl","robots":{"index":"index","follow":"follow","max-snippet":"max-snippet:-1","max-image-preview":"max-image-preview:large","max-video-preview":"max-video-preview:-1"},"canonical":"https:\/\/rennverkaufsfahrzeuge.de\/schmankerl\/agb\/","og_locale":"de_DE","og_type":"article","og_title":"AGB - Niederbayerische Schmankerl","og_url":"https:\/\/rennverkaufsfahrzeuge.de\/schmankerl\/agb\/","og_site_name":"Niederbayerische Schmankerl","article_modified_time":"2019-02-01T10:11:40+00:00","twitter_card":"summary_large_image","twitter_misc":{"Gesch\u00e4tzte Lesezeit":"4\u00a0Minuten"},"schema":{"@context":"https:\/\/schema.org","@graph":[{"@type":"WebPage","@id":"https:\/\/rennverkaufsfahrzeuge.de\/schmankerl\/agb\/","url":"https:\/\/rennverkaufsfahrzeuge.de\/schmankerl\/agb\/","name":"AGB - Niederbayerische Schmankerl","isPartOf":{"@id":"https:\/\/rennverkaufsfahrzeuge.de\/schmankerl\/#website"},"datePublished":"2019-01-29T14:49:17+00:00","dateModified":"2019-02-01T10:11:40+00:00","breadcrumb":{"@id":"https:\/\/rennverkaufsfahrzeuge.de\/schmankerl\/agb\/#breadcrumb"},"inLanguage":"de","potentialAction":[{"@type":"ReadAction","target":["https:\/\/rennverkaufsfahrzeuge.de\/schmankerl\/agb\/"]}]},{"@type":"BreadcrumbList","@id":"https:\/\/rennverkaufsfahrzeuge.de\/schmankerl\/agb\/#breadcrumb","itemListElement":[{"@type":"ListItem","position":1,"name":"Startseite","item":"https:\/\/rennverkaufsfahrzeuge.de\/schmankerl\/"},{"@type":"ListItem","position":2,"name":"AGB"}]},{"@type":"WebSite","@id":"https:\/\/rennverkaufsfahrzeuge.de\/schmankerl\/#website","url":"https:\/\/rennverkaufsfahrzeuge.de\/schmankerl\/","name":"Niederbayerische Schmankerl","description":"Alles f\u00fcr eine richtige bayerische Brotzeit","potentialAction":[{"@type":"SearchAction","target":{"@type":"EntryPoint","urlTemplate":"https:\/\/rennverkaufsfahrzeuge.de\/schmankerl\/?s={search_term_string}"},"query-input":{"@type":"PropertyValueSpecification","valueRequired":true,"valueName":"search_term_string"}}],"inLanguage":"de"}]}},"_links":{"self":[{"href":"https:\/\/rennverkaufsfahrzeuge.de\/schmankerl\/wp-json\/wp\/v2\/pages\/54","targetHints":{"allow":["GET"]}}],"collection":[{"href":"https:\/\/rennverkaufsfahrzeuge.de\/schmankerl\/wp-json\/wp\/v2\/pages"}],"about":[{"href":"https:\/\/rennverkaufsfahrzeuge.de\/schmankerl\/wp-json\/wp\/v2\/types\/page"}],"author":[{"embeddable":true,"href":"https:\/\/rennverkaufsfahrzeuge.de\/schmankerl\/wp-json\/wp\/v2\/users\/1"}],"replies":[{"embeddable":true,"href":"https:\/\/rennverkaufsfahrzeuge.de\/schmankerl\/wp-json\/wp\/v2\/comments?post=54"}],"version-history":[{"count":5,"href":"https:\/\/rennverkaufsfahrzeuge.de\/schmankerl\/wp-json\/wp\/v2\/pages\/54\/revisions"}],"predecessor-version":[{"id":196,"href":"https:\/\/rennverkaufsfahrzeuge.de\/schmankerl\/wp-json\/wp\/v2\/pages\/54\/revisions\/196"}],"wp:attachment":[{"href":"https:\/\/rennverkaufsfahrzeuge.de\/schmankerl\/wp-json\/wp\/v2\/media?parent=54"}],"curies":[{"name":"wp","href":"https:\/\/api.w.org\/{rel}","templated":true}]}}